{"id":111,"date":"2016-05-12T15:42:56","date_gmt":"2016-05-12T15:42:56","guid":{"rendered":"https:\/\/www.ude.edu.ar\/areacultural\/?page_id=111"},"modified":"2017-11-13T16:10:31","modified_gmt":"2017-11-13T19:10:31","slug":"salon-de-artes-visuales","status":"publish","type":"page","link":"https:\/\/www.ude.edu.ar\/areacultural\/salon-de-artes-visuales\/","title":{"rendered":"Sal\u00f3n de Artes Visuales"},"content":{"rendered":"<h2><a href=\"https:\/\/www.ude.edu.ar\/areacultural\/2017\/11\/13\/primer-salon-de-artes-visuales\/\" target=\"_blank\" rel=\"noopener\">Primer Sal\u00f3n<\/a><\/h2>\n<h2><a href=\"https:\/\/www.ude.edu.ar\/areacultural\/2017\/08\/02\/2do-salon-artes-visuales-universidad-del-este\/\" target=\"_blank\" rel=\"noopener\">Segundo Sal\u00f3n<\/a><\/h2>\n<p>&nbsp;<\/p>\n","protected":false},"excerpt":{"rendered":"<p>Primer Sal\u00f3n Segundo Sal\u00f3n &nbsp;<\/p>\n","protected":false},"author":2,"featured_media":0,"parent":0,"menu_order":0,"comment_status":"closed","ping_status":"closed","template":"","meta":{"_acf_changed":false,"footnotes":""},"acf":[],"yoast_head":"<!-- This site is optimized with the Yoast SEO plugin v22.8 - https:\/\/yoast.com\/wordpress\/plugins\/seo\/ -->\n<title>Sal\u00f3n de Artes Visuales - UDE | \u00c1rea Cultural<\/title>\n<meta name=\"robots\" content=\"index, follow, max-snippet:-1, max-image-preview:large, max-video-preview:-1\" \/>\n<link rel=\"canonical\" href=\"https:\/\/www.ude.edu.ar\/areacultural\/salon-de-artes-visuales\/\" \/>\n<meta property=\"og:locale\" content=\"es_ES\" \/>\n<meta property=\"og:type\" content=\"article\" \/>\n<meta property=\"og:title\" content=\"Sal\u00f3n de Artes Visuales - UDE | \u00c1rea Cultural\" \/>\n<meta property=\"og:description\" content=\"Primer Sal\u00f3n Segundo Sal\u00f3n &nbsp;\" \/>\n<meta property=\"og:url\" content=\"https:\/\/www.ude.edu.ar\/areacultural\/salon-de-artes-visuales\/\" \/>\n<meta property=\"og:site_name\" content=\"UDE | \u00c1rea Cultural\" \/>\n<meta property=\"article:modified_time\" content=\"2017-11-13T19:10:31+00:00\" \/>\n<meta name=\"twitter:card\" content=\"summary_large_image\" \/>\n<script type=\"application\/ld+json\" class=\"yoast-schema-graph\">{\"@context\":\"https:\/\/schema.org\",\"@graph\":[{\"@type\":\"WebPage\",\"@id\":\"https:\/\/www.ude.edu.ar\/areacultural\/salon-de-artes-visuales\/\",\"url\":\"https:\/\/www.ude.edu.ar\/areacultural\/salon-de-artes-visuales\/\",\"name\":\"Sal\u00f3n de Artes Visuales - UDE | \u00c1rea Cultural\",\"isPartOf\":{\"@id\":\"https:\/\/www.ude.edu.ar\/areacultural\/#website\"},\"datePublished\":\"2016-05-12T15:42:56+00:00\",\"dateModified\":\"2017-11-13T19:10:31+00:00\",\"breadcrumb\":{\"@id\":\"https:\/\/www.ude.edu.ar\/areacultural\/salon-de-artes-visuales\/#breadcrumb\"},\"inLanguage\":\"es-AR\",\"potentialAction\":[{\"@type\":\"ReadAction\",\"target\":[\"https:\/\/www.ude.edu.ar\/areacultural\/salon-de-artes-visuales\/\"]}]},{\"@type\":\"BreadcrumbList\",\"@id\":\"https:\/\/www.ude.edu.ar\/areacultural\/salon-de-artes-visuales\/#breadcrumb\",\"itemListElement\":[{\"@type\":\"ListItem\",\"position\":1,\"name\":\"Home\",\"item\":\"https:\/\/www.ude.edu.ar\/areacultural\/\"},{\"@type\":\"ListItem\",\"position\":2,\"name\":\"Sal\u00f3n de Artes Visuales\"}]},{\"@type\":\"WebSite\",\"@id\":\"https:\/\/www.ude.edu.ar\/areacultural\/#website\",\"url\":\"https:\/\/www.ude.edu.ar\/areacultural\/\",\"name\":\"UDE | \u00c1rea Cultural\",\"description\":\"\u00c1rea Cultural de la Universidad del Este\",\"potentialAction\":[{\"@type\":\"SearchAction\",\"target\":{\"@type\":\"EntryPoint\",\"urlTemplate\":\"https:\/\/www.ude.edu.ar\/areacultural\/?s={search_term_string}\"},\"query-input\":\"required name=search_term_string\"}],\"inLanguage\":\"es-AR\"}]}<\/script>\n<!-- \/ Yoast SEO plugin. -->","yoast_head_json":{"title":"Sal\u00f3n de Artes Visuales - UDE | \u00c1rea Cultural","robots":{"index":"index","follow":"follow","max-snippet":"max-snippet:-1","max-image-preview":"max-image-preview:large","max-video-preview":"max-video-preview:-1"},"canonical":"https:\/\/www.ude.edu.ar\/areacultural\/salon-de-artes-visuales\/","og_locale":"es_ES","og_type":"article","og_title":"Sal\u00f3n de Artes Visuales - UDE | \u00c1rea Cultural","og_description":"Primer Sal\u00f3n Segundo Sal\u00f3n &nbsp;","og_url":"https:\/\/www.ude.edu.ar\/areacultural\/salon-de-artes-visuales\/","og_site_name":"UDE | \u00c1rea Cultural","article_modified_time":"2017-11-13T19:10:31+00:00","twitter_card":"summary_large_image","schema":{"@context":"https:\/\/schema.org","@graph":[{"@type":"WebPage","@id":"https:\/\/www.ude.edu.ar\/areacultural\/salon-de-artes-visuales\/","url":"https:\/\/www.ude.edu.ar\/areacultural\/salon-de-artes-visuales\/","name":"Sal\u00f3n de Artes Visuales - UDE | \u00c1rea Cultural","isPartOf":{"@id":"https:\/\/www.ude.edu.ar\/areacultural\/#website"},"datePublished":"2016-05-12T15:42:56+00:00","dateModified":"2017-11-13T19:10:31+00:00","breadcrumb":{"@id":"https:\/\/www.ude.edu.ar\/areacultural\/salon-de-artes-visuales\/#breadcrumb"},"inLanguage":"es-AR","potentialAction":[{"@type":"ReadAction","target":["https:\/\/www.ude.edu.ar\/areacultural\/salon-de-artes-visuales\/"]}]},{"@type":"BreadcrumbList","@id":"https:\/\/www.ude.edu.ar\/areacultural\/salon-de-artes-visuales\/#breadcrumb","itemListElement":[{"@type":"ListItem","position":1,"name":"Home","item":"https:\/\/www.ude.edu.ar\/areacultural\/"},{"@type":"ListItem","position":2,"name":"Sal\u00f3n de Artes Visuales"}]},{"@type":"WebSite","@id":"https:\/\/www.ude.edu.ar\/areacultural\/#website","url":"https:\/\/www.ude.edu.ar\/areacultural\/","name":"UDE | \u00c1rea Cultural","description":"\u00c1rea Cultural de la Universidad del Este","potentialAction":[{"@type":"SearchAction","target":{"@type":"EntryPoint","urlTemplate":"https:\/\/www.ude.edu.ar\/areacultural\/?s={search_term_string}"},"query-input":"required name=search_term_string"}],"inLanguage":"es-AR"}]}},"_links":{"self":[{"href":"https:\/\/www.ude.edu.ar\/areacultural\/wp-json\/wp\/v2\/pages\/111"}],"collection":[{"href":"https:\/\/www.ude.edu.ar\/areacultural\/wp-json\/wp\/v2\/pages"}],"about":[{"href":"https:\/\/www.ude.edu.ar\/areacultural\/wp-json\/wp\/v2\/types\/page"}],"author":[{"embeddable":true,"href":"https:\/\/www.ude.edu.ar\/areacultural\/wp-json\/wp\/v2\/users\/2"}],"replies":[{"embeddable":true,"href":"https:\/\/www.ude.edu.ar\/areacultural\/wp-json\/wp\/v2\/comments?post=111"}],"version-history":[{"count":43,"href":"https:\/\/www.ude.edu.ar\/areacultural\/wp-json\/wp\/v2\/pages\/111\/revisions"}],"predecessor-version":[{"id":851,"href":"https:\/\/www.ude.edu.ar\/areacultural\/wp-json\/wp\/v2\/pages\/111\/revisions\/851"}],"wp:attachment":[{"href":"https:\/\/www.ude.edu.ar\/areacultural\/wp-json\/wp\/v2\/media?parent=111"}],"curies":[{"name":"wp","href":"https:\/\/api.w.org\/{rel}","templated":true}]}}

Salón de Artes Visuales

<h2><a href="https://www.ude.edu.ar/areacultural/2017/11/13/primer-salon-de-artes-visuales/" target="_blank" rel="noopener">Primer Salón</a></h2>
<h2><a href="https://www.ude.edu.ar/areacultural/2017/08/02/2do-salon-artes-visuales-universidad-del-este/" target="_blank" rel="noopener">Segundo Salón</a></h2>
<p>&nbsp;</p>

<p>Primer Salón Segundo Salón &nbsp;</p>

<!-- This site is optimized with the Yoast SEO plugin v22.8 - https://yoast.com/wordpress/plugins/seo/ -->
<title>Salón de Artes Visuales - UDE | Área Cultural</title>
<meta name="robots" content="index, follow, max-snippet:-1, max-image-preview:large, max-video-preview:-1" />
<link rel="canonical" href="https://www.ude.edu.ar/areacultural/salon-de-artes-visuales/" />
<meta property="og:locale" content="es_ES" />
<meta property="og:type" content="article" />
<meta property="og:title" content="Salón de Artes Visuales - UDE | Área Cultural" />
<meta property="og:description" content="Primer Salón Segundo Salón &nbsp;" />
<meta property="og:url" content="https://www.ude.edu.ar/areacultural/salon-de-artes-visuales/" />
<meta property="og:site_name" content="UDE | Área Cultural" />
<meta property="article:modified_time" content="2017-11-13T19:10:31+00:00" />
<meta name="twitter:card" content="summary_large_image" />
<script type="application/ld+json" class="yoast-schema-graph">{"@context":"https://schema.org","@graph":[{"@type":"WebPage","@id":"https://www.ude.edu.ar/areacultural/salon-de-artes-visuales/","url":"https://www.ude.edu.ar/areacultural/salon-de-artes-visuales/","name":"Salón de Artes Visuales - UDE | Área Cultural","isPartOf":{"@id":"https://www.ude.edu.ar/areacultural/#website"},"datePublished":"2016-05-12T15:42:56+00:00","dateModified":"2017-11-13T19:10:31+00:00","breadcrumb":{"@id":"https://www.ude.edu.ar/areacultural/salon-de-artes-visuales/#breadcrumb"},"inLanguage":"es-AR","potentialAction":[{"@type":"ReadAction","target":["https://www.ude.edu.ar/areacultural/salon-de-artes-visuales/"]}]},{"@type":"BreadcrumbList","@id":"https://www.ude.edu.ar/areacultural/salon-de-artes-visuales/#breadcrumb","itemListElement":[{"@type":"ListItem","position":1,"name":"Home","item":"https://www.ude.edu.ar/areacultural/"},{"@type":"ListItem","position":2,"name":"Salón de Artes Visuales"}]},{"@type":"WebSite","@id":"https://www.ude.edu.ar/areacultural/#website","url":"https://www.ude.edu.ar/areacultural/","name":"UDE | Área Cultural","description":"Área Cultural de la Universidad del Este","potentialAction":[{"@type":"SearchAction","target":{"@type":"EntryPoint","urlTemplate":"https://www.ude.edu.ar/areacultural/?s={search_term_string}"},"query-input":"required name=search_term_string"}],"inLanguage":"es-AR"}]}</script>
<!-- / Yoast SEO plugin. -->

Salón de Artes Visuales - UDE | Área Cultural

Primer Salón Segundo Salón &nbsp;

UDE | Área Cultural

Área Cultural de la Universidad del Este
